-14 - 10.
11
What is (-52 - -49) + (-7 - 3)?
-13
What is 4 + (-13 - -21 - (1 + 26)) - 4?
-19
Calculate -9 + 12 + -8 + 8 - -11.
14
What is the value of (-44 - -3) + 3 - (-1 + -22 - -22)?
-37
(7 - -3) + (-15 - -2) + 12
9
Evaluate (2 - (4 + -6 + -5)) + -23.
-14
What is the value of -1 - 1 - (-28 + (15 + 8 - 9))?
12
What is the value of (-24 - -19 - (3 + -3 + -6)) + -10?
-9
8 - (15 + 33 + -11)
-29
Calculate -26 - -6 - ((-3 - 9) + (85 - 66)).
-27
What is the value of 4 + -15 + 10 - 5?
-6
-37 + (-40 - -66 - 13)
-24
(8 - -2 - -2) + -1 - (165 - 159)
5
What is the value of 6 + -6 + 4 + 5?
9
Calculate 0 + -8 + (-11 + 8 - -20) + -5.
4
(-23 - -12) + -3 - -11
-3
What is the value of 8 - (12 + (-34 - (2 - -9 - 1)))?
40
What is -51 - (-23 - (37 - 36))?
-27
Calculate -3 + (-23 + 68 - 12).
30
(-28 - -14 - 2) + (2 - 0)
-14
-25 - (-108 - -30) - 21
32
Calculate (-156 - -137 - (-17 - -3)) + 1 + -22.
-26
Calculate 23 - 10 - (-8 - -5).
16
(-7 - 0) + 1 + (0 - 0)
-6
Calculate 52 + -134 + 80 - (1 - 0).
-3
(-96 - -125) + (3 - 47)
-15
Calculate -4 + (18 - (0 + 5)) - 1.
8
What is the value of (-2 - 24) + (1312 - 1277)?
9
6 + (6 - 0) + 0 + 70 + -77
5
What is (2 - -8 - 12) + (1 - 4)?
-5
Evaluate 27 - (38 + -50 + 24).
15
(-1 + -4 + 8 - 10) + 2
-5
What is 2 + 10 - (20 + -22 - (-6 - -12))?
20
What is the value of -10 - (2 - 12) - ((0 - 22) + -1)?
23
Evaluate 0 + -13 - (-1 + 14 - 9).
-17
What is the value of -7 - (8 + (-21 - (-8 - 2)))?
-4
Calculate -19 + 23 + -7 - (3 + -3 + -10).
7
Calculate 1 - -29 - (-10 + 34 - 10).
16
What is (4 + 2 - -6) + -4?
8
Calculate (4 - (-8 - -12)) + 5.
5
What is the value of (-1 + -3 - 3) + (-1 - -4) + -13?
-17
-15 + 2 + (-55 - -65) + -7
-10
-12 - (-1 + -7 + -4)
0
Evaluate -9 + -70 + 61 + 28 + 1.
11
24 - (-9 + -3 + 21 + -4)
19
What is the value of 4 + -2 + 40 + -19?
23
What is (-2 - -30) + -11 + 1?
18
Calculate (20 + 38 - 30) + -3.
25
Calculate 8 + -12 + 1 + -143 + 166.
20
(13 - (8 - 7)) + 2 + (-2 - 2)
10
Calculate (-43 - (-23 - 0)) + 28.
8
Calculate -49 + 52 - ((-1 + -1 - -8) + 0).
-3
Evaluate (-108 - -82) + -7 + 17.
-16
What is the value of -13 + 2 + 2 + 18 + -26 + 8?
-9
What is (-7 - -2) + -5 + -3 + 4 + 7?
-2
Evaluate -3 + -6 + -13 + 5.
-17
(8 - -4 - 5) + (-15 - -2) - 18
-24
(24 - 34) + 7 + -1 - (4 + -17)
9
Calculate -13 - (-28 + 11 + -1).
5
Calculate (-32 - 12 - -34) + 6 + 1.
-3
What is -8 - ((-1 - -15) + -27 + 11)?
-6
Evaluate -71 - -67 - (11 + 2).
-17
What is -13 - (22 + -21) - -1?
-13
-24 - 13 - -13 - -19
-5
What is (14 - 5 - 23) + 4 + 3 - -31?
24
Calculate 22 - 1 - 23 - 16.
-18
Evaluate -7 + 23 + 0 + -12.
4
What is 35 + 13 + -38 + 12?
22
Evaluate (0 - 1) + (-23 - 2) - (15322 + -15327).
-21
What is the value of (3 + -6 - 14) + (37 - 29)?
-9
What is the value of -124 + 110 - (7 + -62 + 2)?
39
(42 - 58) + -3 + (-5 - -3) + -2
-23
What is the value of (3 - 11 - -13) + -5 - -7?
7
Evaluate 137 - 114 - (13 - 3 - 6 - -3).
16
What is the value of 4 - (-8 + (12 - (11 + (-6 - 0))))?
5
What is 24 + -64 + 5 + 11?
-24
Evaluate (21 - -3) + -9 - 7.
8
10 - (69 - 20 - 20)
-19
What is (-4 - (-4 - 6)) + -12 + 7?
1
Calculate -23 + -19 + 47 - (1 + (0 - 4)).
8
What is 25 - (-11 + 16) - 24?
-4
Evaluate -1 - -1 - 2 - (121 - 123).
0
What is 4 + (-7 - 9) - -17?
5
10 + (1 - -9 - (-378 + 383))
15
Evaluate 1 + (11 - (5 + (4 - -11))).
-8
What is the value of 7 - 0 - (-6 - -11) - -1?
3
6 + (11 - 32 - -11)
-4
Calculate 3 - (1 - 13 - (-1 + -6)).
8
Evaluate (-4 - -8) + (-3 + 5 - 4) + 9.
11
45 + (15 - 8) + -34
18
Evaluate -1 + (-19 - (11 - 21)).
-10
Evaluate -83 + 75 + (-4 - -3) + 2 + 4.
-3
-21 - (33 - 1 - (-66 + 83))
-36
0 - 19 - (8 - 14)
-13
What is the value of -10 - 0 - (-11 - -1 - (-27 + 43))?
16
What is (107 - 120) + (-2 - 0)?
-15
What is (-15 - 1) + 12 + 9 + -13?
-8
What is -9 - (42 - 21) - ((-4 - -5) + -2)?
-29
Evaluate 0 + 5 + (-15 - -2) + 13.
5
What is (-1 + -6 - -1) + -325 + 331?
0
What is the value of 3 + (-9 - -1 - -1) + -132 + 134?
-2
Evaluate 35 + -36 - (2 - 0) - (-10 - -16).
-9
What is 5 - (14 - (-1 - -9)) - -11?
10
What is the value of 0 - 2 - (26 - 24) - 5?
-9
What is 37 + 21 + 23 + -108?
-27
Evaluate 3 - -20 - (-286 - -294).
15
What is -6 + 14 - (129 - 134)?
13
Calculate 1 - (-8 + 10 - 5 - 4) - 8.
0
What is the value of 18 + 9 + 33 + -41?
19
Calculate 2 + 1 - (-1 + 4 + 1).
-1
What is the value of -5 - (0 + -5) - (2 + (-4 - 11))?
13
What is (4 - (-1 - 1)) + (-5 - 10 - -12)?
3
Calculate (1 - 9) + 1 + 4 + (-7 - -4).
-6
-1 - 3 - (10 + -11) - 1
-4
14 + 0 - (489 + -481)
6
Calculate -2 + -39 - ((57 - 56) + -15).
-27
What is the value of 17 - (-10 + (-5 - -15))?
17
1 - (-3 + 11) - -4
-3
Calculate -18 + (-3 + -1 - ((-23 - -43) + -24)).
-18
Evaluate -31 + (1 - -15 - (302 + -298)).
-19
What is -15 - (1 + (-11 - 10))?
5
What is the value of -2 - -11 - (21 + (-9 - (-1 - -4)))?
0
Evaluate (-9 + 13 - -6) + -12.
-2
Calculate (-15 - -1) + 721 + -726.
-19
What is the value of -4 + 1 + 7 + (-6 - 6)?
-8
What is the value of ((-1 - 1) + 2 - (-10 - -5)) + -4?
1
Calculate 24 - (1 - (0 - 2)) - (53 + -45).
13
What is the value of 2 + (-11 - 2) + (35 - 8)?
16
Calculate (9 - 4) + -7 - (13 - 6) - 4.
-13
Evaluate 8 - (1 - 7 - (1 + -20 + 11)).
6
What is the value of (21 - 18) + 6 + 8 + (0 - -4)?
21
Evaluate 2 + -2 + (33 - 21) - 16.
-4
Calculate -11 - -3 - (17 - (-13 - -25)).
-13
What is (-1 - 2) + -16 + 12 + (-8 - -10)?
-5
What is the value of 827 - 820 - (0 + -1 + 0)?
8
Evaluate 6 + 6 + -33 + 4 + 4.
-13
What is the value of 0 - -24 - (-17 - (-3 - 35) - 12)?
15
What is (1 - 2) + (96 - 73)?
22
Evaluate 2 + (9 + 5 + -8 - 11) + 11.
8
What is the value of 5 + -16 - (24 - 30) - (-3 - -8)?
-10
Calculate 0 + -6 + 0 - (-48 + 40 + 9).
-7
What is 14 - ((-1 + 5 + 2 - 9) + 11)?
6
What is the value of -9 - -2 - (3 - 2) - -7?
-1
Evaluate -9 + 10 - (-11 + 1 + -4 + 8).
7
(-79 - -78) + 25 + (-1 - -3) - 2
24
What is the value of (16 - (5 - 3)) + (-23 - -8 - -8)?
7
Calculate -1 + 5 - (8 - (2 + 1) - -5).
-6
Calculate 38 + (-20 - 25) - 25.
-32
Calculate (5 - (12 - 0) - -26) + -9.
10
3 + (-9 - -1) - (4 - 21)
12
What is 8 + -5 + -5 + 6 - 5?
-1
What is the value of (-23 + 31 - 14) + (1 - 5)?
-10
Calculate 14 + 8 - (5 + -2 + -10 + 7).
22
Evaluate 22 + -8 + 10 + -13.
11
What is the value of (-1 + 1 - 1) + -5 + (-24 - -50)?
20
What is the value of 17 + (-7 - (12 - 7))?
5
18 + -7 + -25 + (0 - (4 + -3))
-15
Calculate (-7 - -10 - 11) + 8 - -7 - 3.
4
Evaluate -2 + (6 + (3 - 3) - 14).
-10
Calculate 6 + (8 + 18 - 26).
6
(-3 - 10) + (-1 - -7) + (1 - 0)
-6
What is 1 + (-1 - 13 - (-40 + 33)) + 21?
15
Calculate 11 + -5 + -1 + (6 - 5).
6
What is the value of 10 + 2 - (-5 - -21 - 20)?
16
Calculate 18 - (-18 + 5 + -12 + 16 - -10).
17
What is (-10 - (-6 + 14 + -4)) + 31?
17
What is the value of -15 + (-6 - (-6 - (-3 + 0)))?
-18
What is the value of 7 - ((-27 + 13 - -8) + (3 - -1))?
9
What is the value of 35 - (28 + -11) - 3?
15
Evaluate -32 + 15 + -15 + (2 - 1).
-31
What is -16 + -28 + 19 + 7?
-18
Evaluate 16 - ((20 - 8) + 3 - 4 - 4).
9
What is the value of -15 - ((28 - 45) + 1 + 12)?
-11
What is (6 - 17 - 15) + 6 + 2?
-18
Evaluate 2 + -4 + -12 + 2.
-12
-18 - ((10 + -7 - 10) + -3)
-8
Calculate -99 + 105 - (3 + -2 + 25) - -6.
-14
Evaluate (6 - (4 - (6 + -9))) + -2 + -2.
-5
What is -22 + 15 + 1 - 3?
-9
What is 0 - (-6 - (-1 - 21 - (-91 + 94)))?
-19
Calculate -46 - -29 - -59 - 35.
7
Evaluate 7 + (15 - (3 + 10)) - 7.
2
-19 - (-18 - 0) - -17
16
(7 - 36) + 6 + (8 - 0) - -1
-14
What is the value of -8 - (-4 + 4 + -2)?
-6
Calculate -6 - (1 - (7 + 1)) - (7 - -5).
-11
28 + -23 + 2 - (1 + 4 + -5)
7
Evaluate -112 - -85 - 0 - (-19 + 1).
-9
What is the value of 13 + (15 + -1 - -4 - 38)?
-7
Evaluate (-22 - -18) + 14 + -20.
-10
Calculate -82 + 81 - (6 - (2 + 1)).
-4
What is the value of (-4 - (-79 - -65)) + -1 + -25?
-16
What is -3 + -1 + -1 - -10 - (-3 - -10)?
-2
Evaluate -17 + 20 + 2 - -23.
28
What is the value of 8 - (1 + -2) - (14 + 8 - 16)?
3
Calculate -11 - -36 - 26 - (7 + 0).
-8
Evaluate (-23 - (12 - -1)) + -4 + 6 + 8.
-26
What is 7 - (-19 - -15 - -7 - 16)?
20
What is 45 + (-39 - 22) - (-1 - 3 - -1)?
-13
(5 - 16) + -14 + 25
0
Calculate -6 - -10 - (6 - 7 - (-2 + -7)).
-4
Calculate (-19 - 0) + 5 + -1 + (8 - 9).
-16
What is 0 + 10 + 19 + -39?
-10
4 + (-4 + -2 - -7 - 1)
4
What is the value of 20 + -31 + (8 - -4)?
1
Calculate -2 - ((1 -